{"id":3682,"date":"2023-11-22T13:15:27","date_gmt":"2023-11-22T13:15:27","guid":{"rendered":"https:\/\/www.ora.si\/?page_id=3682"},"modified":"2026-01-15T08:06:47","modified_gmt":"2026-01-15T08:06:47","slug":"projekti-program-interreg-vi-a-italija-slovenija-2021-2027","status":"publish","type":"page","link":"https:\/\/www.ora.si\/index.php\/projekti-program-interreg-vi-a-italija-slovenija-2021-2027\/","title":{"rendered":"Projekti Program Interreg VI-A Italija-Slovenija 2021-2027"},"content":{"rendered":"\n<p><a href=\"https:\/\/www.ora.si\/wp-content\/uploads\/2023\/11\/opis-projekta_Kras-Carso_II_spletne-strani-PP-1.pdf\">Kras-Carso II, Skupno upravljanje in trajnostni razvoj obmo\u010dja Mati\u010dnega Krasa<\/a><\/p>\n<p><a href=\"https:\/\/www.ora.si\/wp-content\/uploads\/2025\/09\/opis-projekta_Agrotur_spletna-stran_template-v2.pdf\">Agrotur+, Kra\u0161ki lokalni produkti in turizem<\/a><\/p>\n<p><a href=\"https:\/\/www.ora.si\/wp-content\/uploads\/2026\/01\/Opis-BORDERLESS-spletna-ORA.pdf\">BORDERLESS OKUS &#8211; Kulinarika in vino kot povod v nova brezmejna do\u017eivetja<\/a><\/p>\n\n\n\n\n","protected":false},"excerpt":{"rendered":"<p>Kras-Carso II, Skupno upravljanje in trajnostni razvoj obmo\u010dja Mati\u010dnega Krasa Agrotur+, Kra\u0161ki lokalni produkti in turizem BORDERLESS OKUS &#8211; Kulinarika in vino kot povod v nova brezmejna do\u017eivetja<\/p>\n","protected":false},"author":2,"featured_media":0,"parent":0,"menu_order":0,"comment_status":"closed","ping_status":"closed","template":"","meta":{"_genesis_hide_title":false,"_genesis_hide_breadcrumbs":false,"_genesis_hide_singular_image":false,"_genesis_hide_footer_widgets":false,"_genesis_custom_body_class":"","_genesis_custom_post_class":"","_genesis_layout":"","footnotes":""},"class_list":{"0":"post-3682","1":"page","2":"type-page","3":"status-publish","5":"entry"},"_links":{"self":[{"href":"https:\/\/www.ora.si\/index.php\/wp-json\/wp\/v2\/pages\/3682","targetHints":{"allow":["GET"]}}],"collection":[{"href":"https:\/\/www.ora.si\/index.php\/wp-json\/wp\/v2\/pages"}],"about":[{"href":"https:\/\/www.ora.si\/index.php\/wp-json\/wp\/v2\/types\/page"}],"author":[{"embeddable":true,"href":"https:\/\/www.ora.si\/index.php\/wp-json\/wp\/v2\/users\/2"}],"replies":[{"embeddable":true,"href":"https:\/\/www.ora.si\/index.php\/wp-json\/wp\/v2\/comments?post=3682"}],"version-history":[{"count":15,"href":"https:\/\/www.ora.si\/index.php\/wp-json\/wp\/v2\/pages\/3682\/revisions"}],"predecessor-version":[{"id":4135,"href":"https:\/\/www.ora.si\/index.php\/wp-json\/wp\/v2\/pages\/3682\/revisions\/4135"}],"wp:attachment":[{"href":"https:\/\/www.ora.si\/index.php\/wp-json\/wp\/v2\/media?parent=3682"}],"curies":[{"name":"wp","href":"https:\/\/api.w.org\/{rel}","templated":true}]}}