{"id":149,"date":"2016-09-06T08:57:26","date_gmt":"2016-09-06T08:57:26","guid":{"rendered":"http:\/\/www.ora.si\/nova\/?page_id=149"},"modified":"2019-05-20T11:23:01","modified_gmt":"2019-05-20T11:23:01","slug":"arhiv-delavnic","status":"publish","type":"page","link":"https:\/\/www.ora.si\/index.php\/arhiv-delavnic\/","title":{"rendered":"Arhiv delavnic"},"content":{"rendered":"<hr \/>\n<p style=\"text-align: center;\" data-tadv-p=\"keep\">SPOT svetovanje Obalno-kra\u0161ke regije<\/p>\n<h3 style=\"text-align: center;\" data-tadv-p=\"keep\"><strong>VABILO<\/strong><\/h3>\n<p style=\"text-align: center;\" data-tadv-p=\"keep\">Spo\u0161tovani podjetniki in ob\u010dani. Vljudno vas vabimo na<br \/>\nna brezpla\u010dno podjetni\u0161ko delavnico<\/p>\n<h2 style=\"text-align: center;\"><strong>\u00bbFinan\u010dna sredstva za spodbujanje zaposlovanja v letu 2018.\u00ab<\/strong><\/h2>\n<p style=\"text-align: center;\" data-tadv-p=\"keep\">\n<p style=\"text-align: center;\" data-tadv-p=\"keep\"><strong>V ponedeljek, 05. 03. 2018, ob 10. uri,<\/strong><\/p>\n<p style=\"text-align: center;\" data-tadv-p=\"keep\">v prostoru za sre\u010danje in razstave <strong>Informacijskega centra Krasa<\/strong> (pritli\u010dje Ob\u010dine Se\u017eana),<\/p>\n<p style=\"text-align: center;\" data-tadv-p=\"keep\">Partizanska cesta 4, Se\u017eana.<\/p>\n<h4 style=\"text-align: center;\"><strong><a href=\"https:\/\/www.ora.si\/wp-content\/uploads\/2018\/02\/Vabilo-za-delavnico-5.3.2018.docx\" target=\"_blank\" rel=\"noopener noreferrer\">Vabilo za delavnico 05. 03. 2018<\/a><\/strong><\/h4>\n<\/p>\n<hr \/>\n<p style=\"text-align: center;\" data-tadv-p=\"keep\"><span style=\"color: #ff0000;\"><br \/>\n<\/span><strong>DNEVI ZA PODJETNE OB 10. OBLETNICI DR\u017dAVNEGA POSLOVNEGA PORTALA e-Vem<\/strong><\/p>\n<\/p>\n<h3 style=\"text-align: center;\"><strong>Ve\u0161. Vem. Vemo.<\/strong><\/h3>\n<p>Dnevi za podjetne so namenjeni vsem, ki jih podjetni\u0161tvo zanima, potencialnim in obstoje\u010dim podjetnikom, mladim, ki se izobra\u017eujejo na tem podro\u010dju, oziroma vsem, ki razmi\u0161ljajo o vstopu v podjetni\u0161tvo. Dneve za podjetne ob leto\u0161nji 10. obletnici delovanja e-Vem, dr\u017eavnega portala za podjetja in podjetnike, organizira Ministrstvo za javno upravo v sodelovanju z Ministrstvom za gospodarski razvoj in tehnologijo, SPIRIT, GZS, OZS, AJPES, FURS, ZRSZ in ZZZS, upravnimi enotami in drugimi to\u010dkami Vem.<\/p>\n<p>Dnevi za podjetne bodo potekali v okviru kampanje Evropski teden podjetni\u0161tva, ki pod okriljem Evropske komisije poteka 37-ih evropskih dr\u017eavah.<\/p>\n<p>Namen kampanje je, da se v aktualnem podjetni\u0161kem tednu zvrstijo podjetni\u0161ki dogodki in druge prireditve, ki so namenjene:<\/p>\n<p>&#8211;\u00a0 informiranju, pomo\u010di in povezovanju podjetnikov in potencialnih podjetnikov,<br \/>\n&#8211;\u00a0 zagotavljanju pomo\u010di zanje pri razvijanju novih zamisli ter<br \/>\n&#8211;\u00a0 uporabi informacij in podpornih storitev za hitrej\u0161i razvoj\u00a0 podjetni\u0161tva.<\/p>\n<p>Dogodki se bodo zvrstili od 2. do 6. novembra 2015 v popoldanskem \u010dasu (od 13. do 17. ure) na dolo\u010denih to\u010dkah Vem v desetih\u00a0 ve\u010djih mestih po Sloveniji.<\/p>\n<p style=\"text-align: center;\" data-tadv-p=\"keep\"><strong>Seznam lokacij in terminov dogodka\u00a0 <\/strong><\/p>\n<table style=\"height: 564px;\" width=\"619\">\n<tbody>\n<tr style=\"height: 44px;\">\n<td style=\"height: 44px; width: 171px;\"><strong>MESTO\u00a0 regija<\/strong><\/td>\n<td style=\"height: 44px; width: 253px;\"><strong>lokacija TO\u010cKA VEM<\/strong><\/td>\n<td style=\"height: 44px; width: 146px;\"><strong>TERMIN DOGODKA<\/strong><\/td>\n<\/tr>\n<tr style=\"height: 64px;\">\n<td style=\"height: 64px; width: 171px;\"><strong>LJUBLJANA <\/strong><strong>\u00a0<\/strong><\/td>\n<td style=\"height: 64px; width: 253px;\"><strong>Dimi\u010deva ulica 13, GZS Zbornica osrednjeslovenske regije, Ljubljana<\/strong><\/td>\n<td style=\"height: 64px; width: 146px;\"><strong>2. NOVEMBER 2015<\/strong><\/td>\n<\/tr>\n<tr style=\"height: 44px;\">\n<td style=\"height: 44px; width: 171px;\"><strong>MURSKA SOBOTA<\/strong><strong>\u00a0<\/strong><\/td>\n<td style=\"height: 44px; width: 253px;\"><strong>Lendavska 5a, RRA Mura, Murska Sobota<\/strong><\/td>\n<td style=\"height: 44px; width: 146px;\"><strong>2. NOVEMBER 2015<\/strong><\/td>\n<\/tr>\n<tr style=\"height: 64px;\">\n<td style=\"height: 64px; width: 171px;\"><strong>MARIBOR <\/strong><strong>\u00a0<\/strong><\/td>\n<td style=\"height: 64px; width: 253px;\"><strong>Titova cesta 63, Obmo\u010dna obrtno-podjetni\u0161ka zbornica Maribor<\/strong><\/td>\n<td style=\"height: 64px; width: 146px;\"><strong>3. NOVEMBER 2015<\/strong><\/td>\n<\/tr>\n<tr style=\"height: 44px;\">\n<td style=\"height: 44px; width: 171px;\"><strong>KRANJ\/RADOVLJICA<\/strong><strong>\u00a0<\/strong><\/td>\n<td style=\"height: 44px; width: 253px;\"><strong>Gorenjska cesta 18, Upravna enota Radovljica<\/strong><\/td>\n<td style=\"height: 44px; width: 146px;\"><strong>3. NOVEMBER 2015<\/strong><\/td>\n<\/tr>\n<tr style=\"height: 44px;\">\n<td style=\"height: 44px; width: 171px;\"><strong>NOVA GORICA<\/strong><strong>\u00a0<\/strong><\/td>\n<td style=\"height: 44px; width: 253px;\"><strong>Trg Edvarda Kardelja 1, Izpostava AJPES Nova Gorica<\/strong><\/td>\n<td style=\"height: 44px; width: 146px;\"><strong>4. NOVEMBER 2015<\/strong><\/td>\n<\/tr>\n<tr style=\"height: 44px;\">\n<td style=\"height: 44px; width: 171px;\"><strong>NOVO MESTO <\/strong><strong>\u00a0<\/strong><\/td>\n<td style=\"height: 44px; width: 253px;\"><strong>Podbreznik 15, Podjetni\u0161ki inkubator Podbreznik,<\/strong><\/td>\n<td style=\"height: 44px; width: 146px;\"><strong>4. NOVEMBER 2015<\/strong><\/td>\n<\/tr>\n<tr style=\"height: 44px;\">\n<td style=\"height: 44px; width: 171px;\"><strong>VELENJE<\/strong><strong>\u00a0<\/strong><\/td>\n<td style=\"height: 44px; width: 253px;\"><strong>Rudarska cesta 3, Izpostava AJPES Velenje<\/strong><\/td>\n<td style=\"height: 44px; width: 146px;\"><strong>5. NOVEMBER 2015<\/strong><\/td>\n<\/tr>\n<tr style=\"height: 64px;\">\n<td style=\"height: 64px; width: 171px;\"><strong>CELJE<\/strong><strong>\u00a0<\/strong><\/td>\n<td style=\"height: 64px; width: 253px;\"><strong>Cesta na Ostro\u017eno 4, Obmo\u010dna obrtno-podjetni\u0161ka zbornica Celje\u00a0 <\/strong><\/td>\n<td style=\"height: 64px; width: 146px;\"><strong>5. NOVEMBER 2015<\/strong><\/td>\n<\/tr>\n<tr style=\"height: 44px;\">\n<td style=\"height: 44px; width: 171px;\"><strong>KOPER<\/strong><strong>\u00a0<\/strong><\/td>\n<td style=\"height: 44px; width: 253px;\"><strong>Pristani\u0161ka ulica 10, Izpostava AJPES Koper <\/strong><\/td>\n<td style=\"height: 44px; width: 146px;\"><strong>6. NOVEMBER 2015<\/strong><\/td>\n<\/tr>\n<tr style=\"height: 64px;\">\n<td style=\"height: 64px; width: 171px;\"><strong>PTUJ <\/strong><\/td>\n<td style=\"height: 64px; width: 253px;\"><strong>Vo\u0161njakova 13, Obmo\u010dna obrtno-podjetni\u0161ka zbornica Ptuj<\/strong><\/td>\n<td style=\"height: 64px; width: 146px;\"><strong>6. NOVEMBER<\/strong><\/td>\n<\/tr>\n<\/tbody>\n<\/table>\n<p>Ve\u010d o samem dogodku in prijavi na brezpla\u010dno osebno svetovanje lahko preberete na spletni strani: <a href=\"http:\/\/www.evem.gov.si\/10let\" target=\"_blank\" rel=\"noopener noreferrer\">http:\/\/www.evem.gov.si\/10let<\/a>.<strong><strong><br \/>\n<\/strong><\/strong><\/p>\n<hr \/>\n<table>\n<tbody>\n<tr>\n<td width=\"307\">\u00a0<img loading=\"lazy\" decoding=\"async\" class=\" wp-image-587 aligncenter\" src=\"http:\/\/www.ora.si\/wp-content\/uploads\/2016\/09\/Spirit-Slovenija-logotip-300x74.png\" alt=\"Spirit Slovenija - logotip\" width=\"243\" height=\"60\" \/><\/td>\n<td width=\"307\">\u00a0<a href=\"http:\/\/www.ora.si\/wp-content\/uploads\/2016\/09\/Mladim-se-dogaja.png\"><img loading=\"lazy\" decoding=\"async\" class=\" size-full wp-image-588 aligncenter\" src=\"http:\/\/www.ora.si\/wp-content\/uploads\/2016\/09\/Mladim-se-dogaja.png\" alt=\"Mladim se dogaja\" width=\"271\" height=\"36\" \/><\/a><\/td>\n<\/tr>\n<\/tbody>\n<\/table>\n<p><strong>Si morda brezposeln\/a ali si dijak\/inja ali si \u0161tudent\/enka ali si samozaposlen\/a, ali zaposlen\/a, star\/a med 15 in 30 let. V septembru in oktobru zate pripravljamo brezpla\u010dne podjetni\u0161ke delavnice. <\/strong><\/p>\n<p><strong>VABIMO te, da SPREJME\u0160 IZZIV in se udele\u017ei\u0161 <a href=\"http:\/\/www.podjetniski-portal.si\/o-podjetnistvu\/izzivi-mladim\" target=\"_blank\" rel=\"noopener noreferrer\">delavnice \u00bbIZZIVI MLADIM\u00ab.<\/a> <\/strong><\/p>\n<p>Poglej IZZIVE, ki smo jih zate pripravili skupaj s slovenskimi podjetji in organizacijami. S sodelovanjem na delavnici, se bo\u0161 spoznal z vitkim inoviranje, ki ga pri re\u0161evanju izzivov uporabljajo tudi v start upi in inovativna podjetja. Prav tako se bo\u0161 lahko osebno predstavil odlo\u010devalcem v sodelujo\u010dih podjetjih.\u00a0Odlo\u010ditev je tvoja. S klikom izberi IZZIV, ki ga boste v timu, ob mentorski podpori, re\u0161evali in ob zaklju\u010dku va\u0161e re\u0161itve predstavili podjetju.<\/p>\n<p>Nekatera podjetja so \u017ee v izzivih izrazila interes za sodelovanje z mladimi tudi po delavnici.<\/p>\n<p>Poglej kdaj bo delavnica v tvojem doma\u010dem kraju. Sodeluje\u0161 lahko tudi na katerikoli od navedenih delavnic. \u00a0Na spletni povezavi <a href=\"http:\/\/www.mladimsedogaja.si\/\" target=\"_blank\" rel=\"noopener noreferrer\">www.mladimsedogaja.si<\/a> \u00a0so objavljeni izzivi, sodelujo\u010da podjetja in prijavnice na posamezne delavnice, za nekatere delavnice pa so navedeni predvideni termini kdaj bodo izzivi \u0161e objavljeni. V avgustu in septembru bomo dodajali \u0161e dodatne termine delavnic.<\/p>\n<p>Izberi izziv in se prijavi na delavnico:<\/p>\n<table>\n<tbody>\n<tr>\n<td style=\"width: 152px;\">1<\/td>\n<td style=\"width: 241px;\">Kobarid<\/td>\n<td style=\"width: 177px;\">2.10. do 10.10. 2015<\/td>\n<\/tr>\n<tr>\n<td style=\"width: 152px;\">2.<\/td>\n<td style=\"width: 241px;\">Ajdov\u0161\u010dina<\/td>\n<td style=\"width: 177px;\">3.9 do\u00a011.9. 2015<\/td>\n<\/tr>\n<tr>\n<td style=\"width: 152px;\">3.<\/td>\n<td style=\"width: 241px;\">Koper<\/td>\n<td style=\"width: 177px;\">7.9. do\u00a017.9. 2015<\/td>\n<\/tr>\n<tr>\n<td style=\"width: 152px;\">4.<\/td>\n<td style=\"width: 241px;\">Postojna<\/td>\n<td style=\"width: 177px;\">8.9. do 16.9.2015<\/td>\n<\/tr>\n<tr>\n<td style=\"width: 152px;\">5.<\/td>\n<td style=\"width: 241px;\">Videm pri Ptuju<\/td>\n<td style=\"width: 177px;\">16.10. do 24.10. 2015<\/td>\n<\/tr>\n<tr>\n<td style=\"width: 152px;\">6.<\/td>\n<td style=\"width: 241px;\">Ljubljana<\/td>\n<td style=\"width: 177px;\">7.10. do 15.10. 2015<\/td>\n<\/tr>\n<tr>\n<td style=\"width: 152px;\">7.<\/td>\n<td style=\"width: 241px;\">Novo mesto<\/td>\n<td style=\"width: 177px;\">21.9. do\u00a029.9. 2015<\/td>\n<\/tr>\n<tr>\n<td style=\"width: 152px;\">8.<\/td>\n<td style=\"width: 241px;\">Jesenice<\/td>\n<td style=\"width: 177px;\">15. 9. do 23.9. 2015<\/td>\n<\/tr>\n<tr>\n<td style=\"width: 152px;\">9.<\/td>\n<td style=\"width: 241px;\">Slovenj Gradec<\/td>\n<td style=\"width: 177px;\">21.9. do\u00a029.9. 2015<\/td>\n<\/tr>\n<tr>\n<td style=\"width: 152px;\">10.<\/td>\n<td style=\"width: 241px;\">\u00a0Murska Sobota<\/td>\n<td style=\"width: 177px;\">15.9. do 23.9. 2015<\/td>\n<\/tr>\n<tr>\n<td style=\"width: 152px;\">11.<\/td>\n<td style=\"width: 241px;\">\u00a0Ptuj<\/td>\n<td style=\"width: 177px;\">10.9. do 18.9. 2015<\/td>\n<\/tr>\n<tr>\n<td style=\"width: 152px;\">12.<\/td>\n<td style=\"width: 241px;\">\u00a0Ormo\u017e<\/td>\n<td style=\"width: 177px;\">3.9. do 14.9. 2015<\/td>\n<\/tr>\n<tr>\n<td style=\"width: 152px;\">13.<\/td>\n<td style=\"width: 241px;\">\u00a0\u017dalec<\/td>\n<td style=\"width: 177px;\">25.9 do 3.10. 2015<\/td>\n<\/tr>\n<tr>\n<td style=\"width: 152px;\">14.<\/td>\n<td style=\"width: 241px;\">\u00a0Ljubljana (LUI)<\/td>\n<td style=\"width: 177px;\">16.9. do 24.9.2015<\/td>\n<\/tr>\n<tr>\n<td style=\"width: 152px;\">15.<\/td>\n<td style=\"width: 241px;\">\u00a0Ljubljana (D Plac)<\/td>\n<td style=\"width: 177px;\">29.9. do\u00a07.10. 2015<\/td>\n<\/tr>\n<tr>\n<td style=\"width: 152px;\">16.<\/td>\n<td style=\"width: 241px;\">\u00a0Trbovlje<\/td>\n<td style=\"width: 177px;\">1.10. do 9.10.2015<\/td>\n<\/tr>\n<tr>\n<td style=\"width: 152px;\">17.<\/td>\n<td style=\"width: 241px;\">\u00a0Ljubljana (Tehnolo\u0161ki park)<\/td>\n<td style=\"width: 177px;\">13.10. do 22.10. 2015<\/td>\n<\/tr>\n<tr>\n<td style=\"width: 152px;\">18.<\/td>\n<td style=\"width: 241px;\">\u00a0Dom\u017eale<\/td>\n<td style=\"width: 177px;\">20.10. do 28.10. 2015<\/td>\n<\/tr>\n<tr>\n<td style=\"width: 152px;\">19.<\/td>\n<td style=\"width: 241px;\">Maribor<\/td>\n<td style=\"width: 177px;\">24.9. do 10.10.2015<\/td>\n<\/tr>\n<\/tbody>\n<\/table>\n<p>Ve\u010d o programu delavnic na spletni povezavi: <a href=\"http:\/\/www.podjetniski-portal.si\/o-podjetnistvu\/izzivi-mladim\/program-delavnice-za-mlade\" target=\"_blank\" rel=\"noopener noreferrer\">http:\/\/www.podjetniski-portal.si\/o-podjetnistvu\/izzivi-mladim\/program-delavnice-za-mlade<\/a> .<\/p>\n<p>Kontakt: <a href=\"mailto:izzivimladim@spiritslovenia.si\">izzivimladim@spiritslovenia.si<\/a><\/p>\n<p><em>Serijo delavnic organizira SPIRIT Slovenija, javna agencija v sodelovanju z nacionalnimi in lokalnimi partnerji. <\/em><\/p>\n<p><em>Finan\u010dna sredstva za izvedbo aktivnosti so zagotovljena s strani Ministrstva za gospodarski razvoj in tehnologijo.<\/em><\/p>\n<hr \/>\n<p><strong>\u017dENSKO PODJETNI\u0160TVO &#8211; <\/strong><strong>U\u010cINKOVITA IZRABA \u010cASA<\/strong><\/p>\n<p><strong>Delavnica<\/strong>, namenjena zaposlenim \u017eenskam in samostojnim podjetnicam, se je odvila <strong>27. marca 2007 <\/strong>v mali sejni dvorani ob\u010dine Se\u017eana.<\/p>\n<p align=\"justify\">Avtorica delavnice, <strong>ga. Tja\u0161a Rupnik<\/strong> je o predavanju zapisala:<\/p>\n<p align=\"justify\">Doma in na delu lahko napredujemo, \u010de odkrijemo nove na\u010dine \u010dim bolj\u0161e izrabe \u010dasa. \u017de sama odlo\u010ditev za analizo lastnega dela je neprecenljiv vir prihranka \u010dasa, kar nam omogo\u010di, da je na\u0161 dan produktivnej\u0161i in manj napet. Delavnica poudarja vidike lastnega upravljanja \u010dasa in nas nau\u010di, kako jih lahko izbolj\u0161amo in kako si zastavljamo kratkoro\u010dne in dolgoro\u010dne cilje za izdelavo prioritet delovnih obremenitev. Nau\u010dila nas bo izogniti se prekinitvam pri delu in biti uspe\u0161nej\u0161i na delovnem mestu.<\/p>\n<hr \/>\n<p align=\"justify\"><strong>JASNO KOMUNICIRANJE<\/strong><\/p>\n<p>Predavanje z naslovom <strong>JASNO KOMUNICIRANJE<\/strong> je, <strong>27. februarja 2007<\/strong>, pripravila kolegica Tja\u0161a Rupnik, ki se tudi sicer ukvarja s tr\u017enim komuniciranjem preko lastnega podjetja VISIOR TR\u017dNO KOMUNICIRANJE TJA\u0160A RUPNIK S.P.<\/p>\n<p align=\"justify\"><strong><strong>V nadaljevanju podajamo kratek opis vsebine, ki ga je pripravila<\/strong><\/strong><strong><br \/>\n<strong><strong>predavateljica:<\/strong><\/strong><\/strong><\/p>\n<p align=\"justify\">Umetnost u\u010dinkovite lastne sporo\u010dilnosti je bistvena sestavina uspe\u0161nega<br \/>\nvodenja. \u010ce \u017eelimo izvesti predstavitev samozavestno ali se pogajati z<br \/>\nlahkoto, nam bodo prihodnje delavnice pripomogle k izbolj\u0161anju komunikacije.<br \/>\nJasno bomo razlo\u017eili klju\u010dne vidike poslovne komunikacije, od razumevanje<br \/>\ngovorice telesa do pisanja poro\u010dil in predlogov. Vklju\u010deni so tudi prakti\u010dni<br \/>\nnasveti v zvezi z odnosi z javnostmi, ogla\u0161evanjem, informacijsko tehnologijo in metodami sredstev javnega obve\u0161\u010danja.<\/p>\n<p align=\"justify\">Na koncu smo z vajo samoocenjevanja izmerile kako dobro znamo komunicirati!<\/p>\n<hr \/>\n<p align=\"justify\"><strong>MOTIVIRANO DOSEGANJE CILJEV &#8211; REALIZACIJA CILJEV<br \/>\n<\/strong><\/p>\n<p align=\"justify\">1. leto\u0161nje sre\u010danje je potekalo dne, <strong>19. 01. 2007<\/strong>. Ga Metka Komar, samostojna podjetnica, ki se ukvarja z razvijanjem programov usposabljanja, ki so v pomo\u010d zaposlenim pri izbolj\u0161evanju medsebojnih odnosov je vodila delavnico z naslovom Realizacija ciljev. Delavnica je bila prakti\u010dno usmerjena, posameznica je imela mo\u017enost, da na lastnem primeru preizkusi modele za dolo\u010danje ciljev ter najde motivatorje, ki jo vodijo pri uresni\u010devanju le teh.<\/p>\n<p><strong>Vsebina delavnice:<\/strong><\/p>\n<ul>\n<li>Cilji<\/li>\n<li>Score model<\/li>\n<li>Smart cilji<\/li>\n<li>Sekundarni dobi\u010dek<\/li>\n<li>Kartezijska vpra\u0161anja<\/li>\n<li>Kaj je motivacija<\/li>\n<li>Motivacija in vedenje ljudi<\/li>\n<li>Motivacija na delovnem mestu<\/li>\n<li>Konkretna uporaba na delovnem mestu<\/li>\n<\/ul>\n<div align=\"justify\">\n<hr \/>\n<p><strong>USTVARITI IZKU\u0160NJE ZA ZABAVO IN PROFIT<br \/>\n<\/strong><br \/>\nGre za nadaljevanje sre\u010danj \u017eensk podjetnic, katere smo 1. zdru\u017eili v sklopu razpisa Japti. Na 2. sre\u010danju smo obravnavali teme s podro\u010dja marketinga, s tem namenom smo za sodelovanje zaprosili ga. Elviro Luin, svetovalka za podro\u010dje tr\u017eenja in razvoja novih izdelkov, ki je udele\u017eenkam pripravila predavanje z naslovom Ustvariti izku\u0161nje za zabavo in profit.<\/p>\n<hr \/>\n<p><strong>OD IDEJE DO USPE\u0160NE \u017dENSKE PODJETNICE<\/strong><\/p>\n<p><strong>24. oktobra 2006<\/strong> smo pripravili regionalno sre\u010danje z naslovom <strong>Od ideje do uspe\u0161ne \u017eenske podjetnice<\/strong>, katerega cilj je bil spodbujanje poklicnega uveljavljanja zaposlenih in kme\u010dkih \u017eensk v Obalno \u2013 Kra\u0161ki regiji. Delavnica je bila predmet javnega naro\u010dila Javne agencije Republike Slovenije za podjetni\u0161tvo in tuje investicije, na katerega se je Obmo\u010dna razvojna agencija Krasa in Brkinov prijavila v mesecu septembru 2006.<\/p>\n<p>Teme, ki smo jih tekom sre\u010danja obravnavali so bile:<\/p>\n<ul>\n<li data-tadv-p=\"keep\">Poslovna ideja,<\/li>\n<li data-tadv-p=\"keep\">lastnosti podjetnice,<\/li>\n<li data-tadv-p=\"keep\">postopek ustanovitve gospodarskega subjeta,<\/li>\n<li data-tadv-p=\"keep\">podjetni\u0161ko podporno okolje,<\/li>\n<li data-tadv-p=\"keep\">zakaj poslovni na\u010drt,<\/li>\n<li data-tadv-p=\"keep\">predstavitev izku\u0161enj oz. dobrih praks in<\/li>\n<li data-tadv-p=\"keep\">izbor podjetni\u0161kih idej.<\/li>\n<\/ul>\n<\/div>\n<p align=\"justify\">\n","protected":false},"excerpt":{"rendered":"<p>SPOT svetovanje Obalno-kra\u0161ke regije VABILO Spo\u0161tovani podjetniki in ob\u010dani. Vljudno vas vabimo na na brezpla\u010dno podjetni\u0161ko delavnico \u00bbFinan\u010dna sredstva za spodbujanje zaposlovanja v letu 2018.\u00ab V ponedeljek, 05. 03. 2018, ob 10. uri, v prostoru za sre\u010danje in razstave Informacijskega centra Krasa (pritli\u010dje Ob\u010dine Se\u017eana), Partizanska cesta 4, Se\u017eana. Vabilo za delavnico 05. 03. 2018 [&hellip;]<\/p>\n","protected":false},"author":2,"featured_media":0,"parent":0,"menu_order":0,"comment_status":"closed","ping_status":"closed","template":"","meta":{"_genesis_hide_title":false,"_genesis_hide_breadcrumbs":false,"_genesis_hide_singular_image":false,"_genesis_hide_footer_widgets":false,"_genesis_custom_body_class":"","_genesis_custom_post_class":"","_genesis_layout":"content-sidebar","footnotes":""},"class_list":{"0":"post-149","1":"page","2":"type-page","3":"status-publish","5":"entry"},"_links":{"self":[{"href":"https:\/\/www.ora.si\/index.php\/wp-json\/wp\/v2\/pages\/149","targetHints":{"allow":["GET"]}}],"collection":[{"href":"https:\/\/www.ora.si\/index.php\/wp-json\/wp\/v2\/pages"}],"about":[{"href":"https:\/\/www.ora.si\/index.php\/wp-json\/wp\/v2\/types\/page"}],"author":[{"embeddable":true,"href":"https:\/\/www.ora.si\/index.php\/wp-json\/wp\/v2\/users\/2"}],"replies":[{"embeddable":true,"href":"https:\/\/www.ora.si\/index.php\/wp-json\/wp\/v2\/comments?post=149"}],"version-history":[{"count":16,"href":"https:\/\/www.ora.si\/index.php\/wp-json\/wp\/v2\/pages\/149\/revisions"}],"predecessor-version":[{"id":1775,"href":"https:\/\/www.ora.si\/index.php\/wp-json\/wp\/v2\/pages\/149\/revisions\/1775"}],"wp:attachment":[{"href":"https:\/\/www.ora.si\/index.php\/wp-json\/wp\/v2\/media?parent=149"}],"curies":[{"name":"wp","href":"https:\/\/api.w.org\/{rel}","templated":true}]}}