{"id":145,"date":"2016-09-06T08:56:33","date_gmt":"2016-09-06T08:56:33","guid":{"rendered":"http:\/\/www.ora.si\/nova\/?page_id=145"},"modified":"2024-01-17T14:25:54","modified_gmt":"2024-01-17T14:25:54","slug":"brezplacne-delavnice","status":"publish","type":"page","link":"https:\/\/www.ora.si\/index.php\/brezplacne-delavnice\/","title":{"rendered":"Brezpla\u010dno usposabljanje &#8220;ABC PODJETNI\u0160TVA&#8221;"},"content":{"rendered":"<p><img loading=\"lazy\" decoding=\"async\" class=\"aligncenter  wp-image-3757\" src=\"https:\/\/www.ora.si\/wp-content\/uploads\/2023\/12\/SPOT-logo-zgoraj.png\" alt=\"\" width=\"831\" height=\"122\" srcset=\"https:\/\/www.ora.si\/wp-content\/uploads\/2023\/12\/SPOT-logo-zgoraj.png 538w, https:\/\/www.ora.si\/wp-content\/uploads\/2023\/12\/SPOT-logo-zgoraj-300x44.png 300w\" sizes=\"auto, (max-width: 831px) 100vw, 831px\" \/><\/p>\n<p>SPOT Svetovanje GORI\u0160KA vabi vse potencialne podjetnike in podjetnike za\u010detnike, da se udele\u017eite usposabljanj<\/p>\n<p><strong>\u00a0<\/strong><\/p>\n<p><strong>\u00bbABC PODJETNI\u0160TVA\u00ab<\/strong><\/p>\n<p><strong>KOMU SO NAMENJENA?<\/strong><\/p>\n<p>Usposabljanje je namenjeno vsem potencialnim podjetnikom in podjetnikom za\u010detnikom. Namen je opolnomo\u010diti vse podjetnike za\u010detnike s strokovnimi vsebinami na za\u010detku podjetni\u0161ke poti, s posebnim poudarkom na podjetnicah za\u010detnicah ter podjetnikih za\u010detnikih do 29 leta.<\/p>\n<p><strong>POSEBEJ ZA PODJETNICE IN MLADE PODJETNIKE DO 29 LETA<\/strong><\/p>\n<p>Javna agencija SPIRIT Slovenija bo tudi v letu 2024 objavila nate\u010daj za podelitev finan\u010dnih spodbud za najbolj\u0161i poslovni model. Na nate\u010daj se bodo lahko prijavile vse podjetnice za\u010detnice ter podjetniki za\u010detniki do 29 leta, ki so svoje podjetje ustanovili v letu 2023 in na istem nate\u010daju \u0161e niso prejeli spodbude, in podjetniki, ki nameravajo podjetje ustanoviti v letu 2024, do dneva oddaje vloge na nate\u010daj, ki bo predvidoma konec aprila 2024. Za prijavo na nate\u010daj bo potrebno pridobiti potrdilo o uspe\u0161no opravljenem usposabljanju ABC podjetni\u0161tva.<\/p>\n<p>Najbolj\u0161e ocenjenim prijaviteljem bo v okviru nate\u010daja ponujena individualna mentorska podpora za pripravo na kon\u010dno predstavitev poslovnega modela. Vsi, ki bodo svoj poslovni model uspe\u0161no predstavili, bodo nagrajeni s finan\u010dno spodbudo.<\/p>\n<p>Seveda se lahko modulov udele\u017eite tudi ostali podjetniki \u00a0in potencialni podjetniki. Lahko se udele\u017eite tudi samo posameznih modulov. Udele\u017eba na vseh modulih je obvezna samo za tiste podjetnike za\u010detnike, ki bi \u017eeleli kandidirati na nate\u010daju za pridobitev finan\u010dnih sredstev.<\/p>\n<p><strong>KAKO POTEKA?<\/strong><\/p>\n<p>ABC podjetni\u0161tva sestavlja pet modulov, od tega traja vsak 8 \u0161olskih ur.<\/p>\n<p>Vsi moduli bodo potekali on-line.<\/p>\n<p><strong>KDAJ?<\/strong><\/p>\n<p>Na usposabljanja v sklopu ABC podjetni\u0161tva se prijavite preko obrazca na spodnjih povezavah. Prijavite se lahko tudi na posamezen modul. Prednost pri prijavah imajo udele\u017eenci, ki se bodo udele\u017eili vseh modulov.<\/p>\n<ol>\n<li>modul: Za\u010detek podjetni\u0161ke poti &#8211; 5.-6.3.2024 od 16.00 do 19.00<\/li>\n<li>modul: Preverjanje poslovne ideje &#8211; 12.-13.3.2024 od 9.00 do 12.00<\/li>\n<li>modul: Osnove tr\u017eenja &#8211; 19.-20.3.2024 od 9.00 do 12.00<\/li>\n<li>modul: Digitalizacija poslovanja &#8211; 26.-27.3.2024 od 9.00 do 12.00<\/li>\n<li>modul: Pravno formalni vidiki delovanja podjetja &#8211; 2.-3.4.2024 od 16.00 do 19.00<\/li>\n<\/ol>\n<p><strong>Prijave: <\/strong><a href=\"https:\/\/forms.gle\/7tveVRi81XRrYXSp6\"><strong>https:\/\/forms.gle\/7tveVRi81XRrYXSp6<\/strong><\/a><\/p>\n<p><strong>ZA VAS SMO PRIPRAVILI NASLEDNJE VSEBINE:<\/strong><\/p>\n<ol>\n<li><strong>modul: Za\u010detek podjetni\u0161ke poti<\/strong><\/li>\n<\/ol>\n<p>Vse o podjetni\u0161tvu in podjetnikih v teoriji in praksi: osebne lastnosti podjetnika, uspeh in neuspeh, tipi\u010dne pasti, podporne institucije, postopek ustanovitve podjetja, razli\u010dne pravne oblike podjetij, vzpostavitev prave delovne ekipe, podjetni\u0161ka etika.<\/p>\n<ol start=\"2\">\n<li><strong>modul: Preverjanje poslovne ideje<\/strong><\/li>\n<\/ol>\n<p>Viharjenje mo\u017eganov (brainstorming), dizajnerski pristop (design thinking), kako inovativno nadgrajevati ideje, vitek (lean) razvoj poslovnega modela, platno poslovnega modela (business model canvas).<\/p>\n<ol start=\"3\">\n<li><strong>modul: Osnove tr\u017eenja<\/strong><\/li>\n<\/ol>\n<p>Dobili boste napotke, kako se dolo\u010da cene, kako dolo\u010dimo lastno in prodajno ceno. Nau\u010dili se boste tr\u017eenja in prodaje s predstavitvijo poteka prodaje ter tr\u017eenjskih strategij potisni in povleci (push and pull), znam\u010denja (branding), gverilskega marketinga, tr\u017eenja od ust do ust, odmevnega tr\u017eenja, viralnega tr\u017eenja in direktnega marketinga. Nau\u010dili se boste predstavitve poslovne ideje (elevator pitch).<\/p>\n<ol start=\"4\">\n<li><strong>modul: Digitalizacija poslovanja<\/strong><\/li>\n<\/ol>\n<p>Namen te vsebine je, da se potencialni podjetniki seznanite z uporabo spletnih orodij, tako brezpla\u010dnih kot pla\u010dljivih ter z omre\u017ejem za tr\u017eenje svojih produktov. Spoznali boste osnove <em>Google Analytics<\/em> in se seznanili kje in kako lahko na spletu tr\u017eite svoje produkte.<\/p>\n<ol start=\"5\">\n<li><strong>modul: Pravno formalni vidiki delovanje podjetja<\/strong><\/li>\n<\/ol>\n<p>Evidentiranje poslovanja vas bo popeljalo skozi glavne vidike finan\u010dnega poslovanja: izdaja ra\u010dunov, knji\u017eenje, obveznosti do dr\u017eave (davki, DDV, prispevki) in letna poro\u010dila. Predstavljena vam bo krovna zakonodaja, ki jo mora poznati vsak podjetnik. Potencialni podjetniki se boste seznanili z osnovami ra\u010dunovodstva in dobili informacije glede na\u010dina priprave vloge na nate\u010daj.<\/p>\n<p><strong>Prijave<\/strong>: za udele\u017ebo na usposabljanjih je <strong>OBVEZNA<\/strong> predhodna prijava preko zgornjega obrazca. Prijave zbiramo do zasedbe prostih mest.<\/p>\n<p>Seminar je za udele\u017eence brezpla\u010den. Za dodatne informacije lahko pokli\u010dete na +386 065 556 232 (mag. Andreja Vister) ali pi\u0161ete na <a href=\"mailto:andreja.vister@rra-rod.si\">andreja.vister@rra-rod.si<\/a> .<\/p>\n<p><img loading=\"lazy\" decoding=\"async\" class=\"aligncenter  wp-image-3756\" src=\"https:\/\/www.ora.si\/wp-content\/uploads\/2023\/12\/SPOT-logo-spodaj.png\" alt=\"\" width=\"845\" height=\"102\" srcset=\"https:\/\/www.ora.si\/wp-content\/uploads\/2023\/12\/SPOT-logo-spodaj.png 547w, https:\/\/www.ora.si\/wp-content\/uploads\/2023\/12\/SPOT-logo-spodaj-300x36.png 300w\" sizes=\"auto, (max-width: 845px) 100vw, 845px\" \/><\/p>\n","protected":false},"excerpt":{"rendered":"<p>SPOT Svetovanje GORI\u0160KA vabi vse potencialne podjetnike in podjetnike za\u010detnike, da se udele\u017eite usposabljanj \u00a0 \u00bbABC PODJETNI\u0160TVA\u00ab KOMU SO NAMENJENA? Usposabljanje je namenjeno vsem potencialnim podjetnikom in podjetnikom za\u010detnikom. Namen je opolnomo\u010diti vse podjetnike za\u010detnike s strokovnimi vsebinami na za\u010detku podjetni\u0161ke poti, s posebnim poudarkom na podjetnicah za\u010detnicah ter podjetnikih za\u010detnikih do 29 leta. POSEBEJ [&hellip;]<\/p>\n","protected":false},"author":2,"featured_media":0,"parent":0,"menu_order":0,"comment_status":"closed","ping_status":"closed","template":"","meta":{"_genesis_hide_title":false,"_genesis_hide_breadcrumbs":false,"_genesis_hide_singular_image":false,"_genesis_hide_footer_widgets":false,"_genesis_custom_body_class":"","_genesis_custom_post_class":"","_genesis_layout":"full-width-content","footnotes":""},"class_list":{"0":"post-145","1":"page","2":"type-page","3":"status-publish","5":"entry"},"_links":{"self":[{"href":"https:\/\/www.ora.si\/index.php\/wp-json\/wp\/v2\/pages\/145","targetHints":{"allow":["GET"]}}],"collection":[{"href":"https:\/\/www.ora.si\/index.php\/wp-json\/wp\/v2\/pages"}],"about":[{"href":"https:\/\/www.ora.si\/index.php\/wp-json\/wp\/v2\/types\/page"}],"author":[{"embeddable":true,"href":"https:\/\/www.ora.si\/index.php\/wp-json\/wp\/v2\/users\/2"}],"replies":[{"embeddable":true,"href":"https:\/\/www.ora.si\/index.php\/wp-json\/wp\/v2\/comments?post=145"}],"version-history":[{"count":17,"href":"https:\/\/www.ora.si\/index.php\/wp-json\/wp\/v2\/pages\/145\/revisions"}],"predecessor-version":[{"id":3786,"href":"https:\/\/www.ora.si\/index.php\/wp-json\/wp\/v2\/pages\/145\/revisions\/3786"}],"wp:attachment":[{"href":"https:\/\/www.ora.si\/index.php\/wp-json\/wp\/v2\/media?parent=145"}],"curies":[{"name":"wp","href":"https:\/\/api.w.org\/{rel}","templated":true}]}}